{"id":146,"date":"2025-11-12T15:38:53","date_gmt":"2025-11-12T18:38:53","guid":{"rendered":"https:\/\/projetos.nextautomatik.com\/finaestampa\/?post_type=product&#038;p=146"},"modified":"2025-11-12T15:38:53","modified_gmt":"2025-11-12T18:38:53","slug":"saia-longa-elegante-verde-militar","status":"publish","type":"product","link":"https:\/\/projetos.nextautomatik.com\/finaestampa\/produto\/saia-longa-elegante-verde-militar\/","title":{"rendered":"Saia longa elegante verde militar"},"content":{"rendered":"<h2>Descubra a Eleg\u00e2ncia da Saia Longa Verde Militar<\/h2>\n<p>Se voc\u00ea est\u00e1 procurando uma pe\u00e7a que combine estilo, versatilidade e sofistica\u00e7\u00e3o, a saia longa elegante verde militar \u00e9 a escolha ideal. Esse item traz um toque moderno ao seu guarda-roupa e oferece in\u00fameras possibilidades de combina\u00e7\u00f5es, adequando-se a diferentes ocasi\u00f5es e prefer\u00eancias de estilo.<\/p>\n<h2>Qualidade e Conforto que Voc\u00ea Merece<\/h2>\n<p>Confeccionada com materiais de alta qualidade, a saia longa verde militar garante conforto durante todo o dia. Seu tecido leve e flu\u00eddo permite um movimento natural, enquanto o corte impec\u00e1vel favorece um caimento perfeito. \u00c9 a pe\u00e7a coringa que voc\u00ea pode usar tanto em eventos casuais quanto formais, destacando-se pela sofistica\u00e7\u00e3o e praticidade.<\/p>\n<h2>Um Design Vers\u00e1til para Qualquer Ocasi\u00e3o<\/h2>\n<p>O design dessa saia foi pensado para real\u00e7ar a modernidade e a eleg\u00e2ncia da cor verde militar. Al\u00e9m disso, ela combina facilmente com variados estilos, como blusas b\u00e1sicas, camisa social ou at\u00e9 mesmo uma jaqueta jeans. Com acess\u00f3rios discretos ou chamativos, essa saia torna-se um elemento-chave para criar combina\u00e7\u00f5es \u00fanicas e destacar seu estilo pessoal.<\/p>\n<h2>Adicione Personalidade ao Seu Visual<\/h2>\n<p>A saia longa elegante verde militar \u00e9 muito mais do que uma simples pe\u00e7a de roupa; \u00e9 uma express\u00e3o de personalidade e de estilo. Seja para um almo\u00e7o casual ou um encontro especial \u00e0 noite, ela \u00e9 a escolha vers\u00e1til que deixa qualquer look mais sofisticado. N\u00e3o perca a oportunidade de integrar essa pe\u00e7a indispens\u00e1vel ao seu guarda-roupa.<\/p>\n","protected":false},"excerpt":{"rendered":"<p>Descubra a Eleg\u00e2ncia da Saia Longa Verde Militar Se voc\u00ea est\u00e1 procurando uma pe\u00e7a que combine estilo, versatilidade e sofistica\u00e7\u00e3o, a saia longa elegante verde militar \u00e9 a escolha ideal. Esse item traz um toque moderno ao seu guarda-roupa e oferece in\u00fameras possibilidades de combina\u00e7\u00f5es, adequando-se a diferentes ocasi\u00f5es e prefer\u00eancias de estilo. Qualidade e [&hellip;]<\/p>\n","protected":false},"featured_media":147,"comment_status":"open","ping_status":"closed","template":"","meta":[],"product_brand":[],"product_cat":[23],"product_tag":[],"class_list":{"0":"post-146","1":"product","2":"type-product","3":"status-publish","4":"has-post-thumbnail","6":"product_cat-saias","8":"first","9":"instock","10":"shipping-taxable","11":"purchasable","12":"product-type-simple"},"_links":{"self":[{"href":"https:\/\/projetos.nextautomatik.com\/finaestampa\/wp-json\/wp\/v2\/product\/146","targetHints":{"allow":["GET"]}}],"collection":[{"href":"https:\/\/projetos.nextautomatik.com\/finaestampa\/wp-json\/wp\/v2\/product"}],"about":[{"href":"https:\/\/projetos.nextautomatik.com\/finaestampa\/wp-json\/wp\/v2\/types\/product"}],"replies":[{"embeddable":true,"href":"https:\/\/projetos.nextautomatik.com\/finaestampa\/wp-json\/wp\/v2\/comments?post=146"}],"wp:featuredmedia":[{"embeddable":true,"href":"https:\/\/projetos.nextautomatik.com\/finaestampa\/wp-json\/wp\/v2\/media\/147"}],"wp:attachment":[{"href":"https:\/\/projetos.nextautomatik.com\/finaestampa\/wp-json\/wp\/v2\/media?parent=146"}],"wp:term":[{"taxonomy":"product_brand","embeddable":true,"href":"https:\/\/projetos.nextautomatik.com\/finaestampa\/wp-json\/wp\/v2\/product_brand?post=146"},{"taxonomy":"product_cat","embeddable":true,"href":"https:\/\/projetos.nextautomatik.com\/finaestampa\/wp-json\/wp\/v2\/product_cat?post=146"},{"taxonomy":"product_tag","embeddable":true,"href":"https:\/\/projetos.nextautomatik.com\/finaestampa\/wp-json\/wp\/v2\/product_tag?post=146"}],"curies":[{"name":"wp","href":"https:\/\/api.w.org\/{rel}","templated":true}]}}